+ 24. What is the units digit of i?
5
What is the units digit of ((-74)/(-4))/(11/176)?
6
Let m(x) = x**3 - x**2 - 5. Let d be m(0). What is the units digit of 20/4*(-14)/d?
4
Suppose 32 = -6*q + 2. Let o be (10/4 - 0)*2. What is the units digit of (2/o)/((-1)/q)?
2
Let b(h) = h**2 - 5*h + 4. What is the units digit of b(6)?
0
Let j be -2 - (-25 + (1 - 2)). Suppose -4*d + 2*n + 22 = 0, 5*d + n - j = -0*d. What is the units digit of d?
5
Let n(d) = d + 3. Let h be n(-6). Let m be ((-5)/(-2))/(h/(-6)). Suppose -3*g + 12 = 0, 2*g = 4*i - m*i + 9. What is the units digit of i?
1
Suppose b = -4*b. Let d(q) = 0 + b + q. What is the units digit of d(6)?
6
Let f(t) = 138*t**3 + 2*t - 3. What is the hundreds digit of f(1)?
1
Let z = 23 - -1. Let v = z - 12. What is the units digit of v?
2
Suppose 0 = -2*c + 3 + 7. Suppose -3*l - c*j - 30 = l, 3*l + 3*j + 21 = 0. What is the units digit of ((-30)/9)/l*27?
8
Let c(o) = -o**3 - 9*o**2 + 5. Let i be c(-9). Suppose -i*h + 3*y = -88, y + 13 + 43 = 3*h. What is the units digit of h?
0
Let r = -13 - -23. Suppose -r - 34 = -4*n. What is the units digit of n?
1
Let p(l) = 21*l + 16. What is the hundreds digit of p(4)?
1
Let s = 24 - 12. What is the units digit of s?
2
Let w = 14 - 6. Suppose -q + 0*q - 2*s = -w, q - 5*s = 1. Let n = 8 - q. What is the units digit of n?
2
Let r be (-3)/6 + 36/(-8). Let s = 13 - r. What is the tens digit of s?
1
Let f(j) = -9*j - 1 + 8*j + 2. Suppose -2*c = -4*c - 6. What is the units digit of f(c)?
4
Let b(y) = -11*y - 3. Suppose -4*r - 21 = -1. What is the tens digit of b(r)?
5
Suppose 288 + 497 = 5*s. What is the hundreds digit of s?
1
Let l be (14/(-8))/((-5)/(-20)). Let y be (-7)/4 + (-3)/12. Let f = y - l. What is the units digit of f?
5
Let n(y) = -6*y - 5. Let r(g) = 3*g + 3. Let v(s) = -3*n(s) - 5*r(s). What is the units digit of v(6)?
8
Suppose 0 = 4*d, 0*b + 6 = 3*b - 5*d. Suppose 0 = -u + 2*w + 25, -4*u + b = 5*w - 59. What is the tens digit of u?
1
Suppose -2*a - 147 = -5*v, 5*v - 151 - 12 = -2*a. What is the units digit of v?
1
Suppose 2*n - 30 - 30 = 4*j, -4*n + 3*j + 135 = 0. What is the tens digit of n?
3
Let u(a) = a - 8. Let i be u(8). Suppose i = -4*g + 6 + 10. What is the units digit of g?
4
Let z be 2 + -1 + 1 + -8. Let y be 1/(-4) + (-33)/(-4). Let f = y + z. What is the units digit of f?
2
Suppose 0*m = 5*m. Suppose n + n + 4 = m. What is the units digit of ((-2)/(-3))/(n/(-27))?
9
What is the units digit of 512/12 + (-12)/18?
2
Let a be (6/4)/((-6)/(-208)). Suppose -5*u = -3*b - a, -1 = -0*b - b. What is the tens digit of u?
1
Let f = -57 + 114. What is the tens digit of f?
5
Suppose -5*x = 0, 0 = -3*o - 2*o - x - 70. Let u = o + 32. What is the units digit of u?
8
What is the tens digit of 58/5 + (-8)/(-20)?
1
Let u = -31 + 97. Suppose 8 = 4*v, -4*t - 2*v = v - u. What is the tens digit of t?
1
Let a(h) = 5*h + 9. Let y(k) = 2*k + 4. Let g(z) = -3*a(z) + 7*y(z). Let f be g(-6). Let m = f - 5. What is the units digit of m?
2
Let b(x) = -3*x + 1. Let n be b(1). Suppose 4*o + 16 = 0, -6*d = -3*d - o + 11. What is the units digit of (n - 1/(-1))*d?
5
What is the units digit of (2 + 0)*25/10?
5
Let g = 125 - 31. What is the tens digit of g?
9
Suppose 3*w - 31 = -4*q, 0*w + q = -4*w + 24. What is the units digit of w?
5
What is the tens digit of ((-88)/10)/((-4)/50)?
1
What is the units digit of ((-3)/4)/(-3*(-7)/(-504))?
8
Suppose 0 = r - 0*r - 5. Let u(b) = -b**3 + 5*b**2 + 3*b - 3. Let g be u(r). Suppose 0 = 3*n - g - 15. What is the units digit of n?
9
Let p = 75 - -19. What is the tens digit of p?
9
Let i(b) = 8*b - 1. Let t be i(1). Let z = t + 6. What is the tens digit of z?
1
Suppose -4*h = -0*h + 56. Let o = -10 - h. What is the units digit of 96/15 - o/10?
6
Let q be 10/4 - 2/(-4). Suppose 0*t = -q*t + 15. What is the units digit of t?
5
Let q = -58 + 122. What is the units digit of q?
4
Suppose -11*n + 234 = 2*n. What is the units digit of n?
8
Let u = 782 - 544. What is the units digit of u?
8
Let g(t) = -t**3 + 8*t**2 + 10*t + 19. What is the tens digit of g(9)?
2
Suppose 5*g + 0*g - 470 = 0. Suppose f - g = -f. What is the tens digit of f?
4
Let z(g) = g + 18. Let o(a) = -a**2 - 2*a. Let h be o(-4). Let c be z(h). Let b = 17 - c. What is the units digit of b?
7
Let n(z) = z**3 + 8*z**2 - z + 7. Let y = -2 - 6. What is the tens digit of n(y)?
1
Let u be -2 + (-1 + -1 - -1). Suppose -8 = -w - 0*w. Let g = u + w. What is the units digit of g?
5
What is the units digit of 137*(1 - (3 + -2) - -1)?
7
What is the tens digit of 22/3*(-6)/(-4)?
1
Let q(u) = -5*u - 1. Let l be q(-1). Let v be 6 - l/((-6)/(-3)). Suppose -10 = 2*z - v*z. What is the units digit of z?
5
Let s = -7 - -5. Let m = s + 4. Suppose m*l + 4*x - 20 = -0*x, 2*l = -2*x + 14. What is the units digit of l?
4
Let g(y) = 4*y - 4. Let p be g(3). Let a = -5 + p. Suppose -a*s + 3 = -5*u - 5, -2*s + 20 = 4*u. What is the units digit of s?
6
What is the hundreds digit of -51*((-140)/12)/5?
1
Let n(c) = 0 - c + 2 + 3*c. Let w(r) = -2*r**2 + 4. Let a be w(0). What is the tens digit of n(a)?
1
What is the tens digit of 21/(-14)*146/(-3)?
7
Suppose 2*v - 1 = 5*v + z, 3*z - 5 = -5*v. Let q = v + 40. Let o = q - 26. What is the tens digit of o?
1
Suppose 0 = -2*w + l + 1, 4*l = 7*w - 2*w + 2. Suppose c - 2*t + 21 = 3*t, -3*t = -w*c - 7. What is the units digit of (2/(-4))/((-2)/c)?
1
Let u(q) = 21*q + 15. What is the tens digit of u(4)?
9
Let w be (-2)/(-3) - 61/(-3). Suppose 28 = 4*c + g, -4*c - 3*g + w = -15. What is the units digit of c?
6
Suppose -h = 4*q + 4, -3*h + 23 = -q + 9. Let d be (h - (-6)/(-2)) + 2. Suppose 3*x = r + 7*x - 2, 0 = 5*r - d*x - 102. What is the tens digit of r?
1
Let r be -35 + (-5 - -6)*(-2 + -1). Let b be 2*5 - (-1 + 1). What is the units digit of r/(-10) - (-2)/b?
4
Suppose 4*b + c + 3*c = 400, -c - 4 = 0. What is the units digit of b?
4
Suppose 11*i = 16*i - 50. Suppose b - s = s + 12, -2*s = i. What is the units digit of b?
2
Let i be -2 + 3*(-1)/(-1). What is the units digit of (-9 + i)*(-5)/10?
4
Suppose 2*w = 5*n + 2 + 11, -5*n = 3*w - 7. Suppose w = d + 1. Suppose -23 + 2 = -3*q + d*l, 2*l = 4*q - 32. What is the units digit of q?
9
Suppose -2*z = 2*i - 696, -3*i - 364 = -6*z + 5*z. What is the hundreds digit of z?
3
Suppose 0 = -f + v + 4, 2*f + 0*f + 4*v = -10. Suppose u - f = 1. Suppose 0 = -u*o + 4*o - 18. What is the units digit of o?
9
Let s = 1 - 0. Suppose s = 3*k - 5. What is the units digit of k?
2
Suppose 14*o = 15*o - 135. What is the tens digit of -4*(o/2)/(-5)?
5
Suppose 0*l + l - 1 = 0. Let y(w) = w + l - 3*w**3 + 0 + w**3. What is the units digit of y(-1)?
2
Let h = 35 - 16. What is the units digit of h?
9
Let c(l) = -l**2 - 9*l - 6. Let f(n) = -n**3 - 6*n**2 - 6*n. Let a be f(-4). What is the units digit of c(a)?
2
Let m(t) = t**2 - 2*t - 3. Let q be m(4). Suppose 0 = 5*w + 25, 2*w = -q*g + 35 + 5. Let u = g - 6. What is the units digit of u?
4
Let l(i) = 5*i + 7. Let n be l(-5). What is the units digit of 0 + (-2)/4*n?
9
Let w be (6/15)/(3/45). Suppose 0 = -s - 3 + 1. Let v = s + w. What is the units digit of v?
4
Suppose 1 = -3*z - 14. Let o(r) = r**3 + 5*r**2 - 2*r + 5. What is the tens digit of o(z)?
1
Let a = 4 + -1. Suppose 2*i = a + 3. What is the units digit of i?
3
Let m be 10/14 - (-2)/7. Suppose 0 = -d + 3*r + 3, -3*d - r + 0*r - m = 0. Suppose d = -3*k + 10 + 2. What is the units digit of k?
4
What is the units digit of 6/(-30) + 1061/5 + -1?
1
Suppose 4*m + 14 = -3*h, 2 - 14 = h + 5*m. What is the units digit of 28 - (-2 + (0 - h))?
8
Suppose -16 = -0*t - 4*t. Suppose -4*f = -t*a + 8, 9 = 3*a - 3*f + f. Suppose -a*u + 37 = 2*k, 0 = 4*k + u + u - 34. What is the units digit of k?
6
Let t be (8/(-6) - -2)*-12. Suppose 3*k = k + 28. Let a = k + t. What is the units digit of a?
6
Let w be 32/(-15) - 16/(-120). What is the units digit of 31 + w/((-4)/(-4))?
9
Let m(y) = 3*y + 2. Suppose -3*s + 24 = s. Let b be m(s). Suppose 2*k + b = 4*k. What is the tens digit of k?
1
Suppose -2*b - 12 = -5*b. Suppose 2*f + f = 0. Suppose f = 2*s + 2 - b. What is the units digit of s?
1
Suppose -2*o = 2*q - o + 36, -2*q + o - 28 = 0. Let v = q + 6. Let z = v + 20. What is the tens digit of z?
1
Suppose 0 = 3*q + l - 3*l - 11, 3*q + 2*l - 7 = 0. Let z(